8563. What is the thousands digit of p?
3
Suppose -1657 - 2276 = 9*k. Let r = 723 + k. What is the units digit of r?
6
Let v(p) = p**3 - 23*p**2 + 10*p + 34. Suppose -4*x - 7*w + 3*w + 112 = 0, x + 2*w = 32. Let m be v(x). Suppose -m + 2796 = 14*u. What is the tens digit of u?
3
Let g = 17734 - 8570. What is the thousands digit of g?
9
Let a = -1544 + 5093. What is the hundreds digit of a?
5
Let j be (-6 - -5)*(-1 + 3)*-1964. Suppose -j = -16*l + 2200. What is the tens digit of l?
8
Suppose 2*y + 242 = 250. Suppose -a + 273 = -y*l - 181, 3*l = a - 451. What is the tens digit of a?
4
Let q = -21726 + 51209. What is the units digit of q?
3
Let c be ((-48)/(-9) - 7)/(10/(-12)). Suppose -779 - 203 = -c*x. What is the units digit of x?
1
Let x be 9/(23851/4784 + 5/(-1)). Let b = 521 - x. What is the thousands digit of b?
1
Let n(l) be the third derivative of 29*l**5/60 - l**4/2 - l**3/2 + 19*l**2. What is the tens digit of n(-2)?
3
Let m(o) = 100*o**2 + 143*o - 4752. What is the thousands digit of m(31)?
5
Suppose -51 = -14*r + 817. What is the hundreds digit of (-5 - r/(-6))/((-2)/(-129))?
3
What is the hundreds digit of 3 + -3 + 12 - -2461?
4
Let d = -552 - -554. Suppose -d*x = -3*p - 2680, -2*x - 2*p + 1394 = -1276. What is the hundreds digit of x?
3
Suppose 0 = 27*c - 212 - 7834. What is the units digit of (-735)/98*c/(-3)?
5
Suppose 12*b = 16*b - 1728. Suppose 0 = 3*d - b - 462. What is the units digit of d?
8
Let i(b) be the first derivative of -515*b**2/2 + 119*b - 6. What is the units digit of i(-2)?
9
Suppose -159*p - 4878136 - 5058181 = -322*p. What is the ten thousands digit of p?
6
What is the hundreds digit of 13972/21 - 11/(165/(-10))?
6
Suppose -4*p + 4 = -2*p. Let w(r) = 39*r**3 + 2*r**2 - 4*r + 5. What is the tens digit of w(p)?
1
Suppose -627 = 7*o - 4*o. Let z(j) = 22*j + 7. Let r be z(-6). Let x = r - o. What is the units digit of x?
4
Let x = 11038 - 4593. What is the units digit of x?
5
Suppose -6*o - 155838 = -11*o - 4*j, 7*o - 218210 = -j. What is the hundreds digit of o?
1
What is the ten thousands digit of (-4)/3 + 17 + (-398776)/(-21)?
1
Let x be ((1 - -2) + 1)/(-29 + 31). Let n be (1 - -6)/(-14) - (-163)/x. Let a = -35 + n. What is the units digit of a?
6
Suppose 0 = 264*n - 2892819 + 972748 - 2718145. What is the hundreds digit of n?
5
Let o(v) = -105*v**3 - 164*v - 655. What is the hundreds digit of o(-4)?
7
Let n(b) = -326*b**3 + 5*b**2 + 13*b + 41. What is the units digit of n(-6)?
9
What is the hundreds digit of (-5)/15*-72339 - (-12 + -3 + 8)?
1
Suppose -8*m + 9*m = -2*x + 15, 30 = 3*m + 3*x. Suppose -9*g - 5*v - 198 = -11*g, m*g + 4*v - 495 = 0. What is the tens digit of g?
9
Let f = 433 - 431. Suppose 314 = 4*u - 2*h, -154 = -2*u + 2*h + f*h. What is the units digit of u?
9
Suppose 3*o = 4*j + 9886 + 26553, 4*o - 5*j - 48584 = 0. What is the tens digit of o?
4
Suppose -526 = -4*j - 110. Suppose 105*f - j*f - 24 = 0. What is the tens digit of f?
2
Let j(o) be the third derivative of 7/6*o**4 + 0 - 2*o**3 + 0*o - 21*o**2. What is the hundreds digit of j(7)?
1
Let l be (-182)/(-2*(-3)/(-6)). Suppose -157*i + 160*i - 12 = 0. Suppose l = 2*m + 4*w, -i*w + 32 = m - 55. What is the units digit of m?
5
Let q(j) = 680*j**2 - 3*j + 1. Let z be q(1). Suppose -13*x + z = -12*x. Suppose 0 = -5*c + x - 213. What is the units digit of c?
3
Suppose -2*g + 3098 = -4*i - 4428, 2*g = 3*i + 7524. Let p = g + -2471. What is the tens digit of p?
8
Let l = -29 - 32. Let h = 63 + l. What is the units digit of (54/(-12))/(h/(-12))?
7
What is the thousands digit of 1 - (-51 - -26)*-4506*8/(-30)?
0
Let m(a) = 35*a**3 - 124*a**2 + 1227*a - 13. What is the units digit of m(10)?
7
Let r be (-17 + 11 + 4)*1*4. Let u(s) = 0*s**2 + 8 + 5*s**2 + 14*s - 3*s**2. What is the tens digit of u(r)?
2
Suppose 0 = v + 30*b - 35*b - 7051, -5*b - 28279 = -4*v. What is the units digit of v?
6
Let m = 142 + -144. What is the hundreds digit of m/6 + 3998/6?
6
Let o(p) = 11*p**3 - 114*p**2 - 16*p - 19. Let k be o(13). Suppose 5*r - l = 9878, 5*r + k = -5*l + 14564. What is the hundreds digit of r?
9
Let c be (41 + 1)*((-52)/12 + 5). What is the hundreds digit of (5 + -6)*(-7)/(c/2648)?
6
Suppose -2*z + 3*p + 4 = -2, -z = -p - 3. Suppose z*y - 2*u = 39, -3*y + 0*u = -u - 42. Suppose y = d - 23. What is the units digit of d?
8
Suppose -4*t - 261062 + 8840 = -5*s, s - 50436 = -2*t. What is the ten thousands digit of s?
5
Let b(x) = 110*x. Let q be b(-1). Let t be 6*6/(-9) - (24 + 5). What is the units digit of (q/t)/(((-4)/27)/(-2))?
5
Suppose -4*g = -395 + 387. Let q = 112 + 127. Suppose -g*p + q = -95. What is the units digit of p?
7
Let x(m) = 2*m + 34. Let s be x(-17). Let d(i) = -4*i - i**2 + s*i**2 - 1 + 22*i - 7. What is the units digit of d(6)?
4
Let r = 19 + -157. Let b = r - -157. What is the tens digit of b?
1
Suppose 0 = 5*w + 18 - 23. Let l be (-204)/34*(1 + (w - 1)). What is the units digit of 110 + (l - 6/(-3))?
6
Let d(r) = -r**3 + 4*r**2 + 22*r + 22. Suppose 7*x + 77 = 14. What is the tens digit of d(x)?
7
Let g = -13810 + 31587. What is the tens digit of g?
7
Let a be (971 - (-4 - -4))/(-1) - 1. Let i = 1671 + a. What is the units digit of i?
9
Suppose 0 = -7*r + 3*r + 10*c - 450, -480 = 5*r + 4*c. Let x(n) = -146*n**3 + 2*n**2 + 2*n + 1. Let q be x(-1). Let h = r + q. What is the units digit of h?
7
Let f(b) = b**2 + 26*b + 116. Let r be f(-21). Suppose 5874 = r*h - 4499. What is the units digit of h?
3
Suppose -93*y = 45*y - 3261630. What is the thousands digit of y?
3
Suppose 45*k - 35*k - 2980 = 0. Suppose -3*p + k = -j - 720, -2*p - 2*j + 676 = 0. What is the hundreds digit of p?
3
Suppose 2*d = -5*d + 5460. Suppose 0 = 4*u + h - d - 1289, -4*u + 2065 = -3*h. Let s = -368 + u. What is the hundreds digit of s?
1
Let j(h) = 16*h - 5. Let d(w) = 2*w**2 - 13*w - 15. Let x be d(8). Suppose x*a - a - 32 = 0. What is the units digit of j(a)?
9
Let x = 82022 - 55639. What is the ten thousands digit of x?
2
Suppose 1 = 3*c - 2, 5*c - 441 = -4*r. Let i = 47 + r. What is the hundreds digit of i?
1
Let i(u) = -u**2 + 8*u - 22. Let y be i(5). What is the tens digit of (-11452)/(-49) + (-2)/y?
3
Suppose 27 = -3*v, 4*r + 26*v - 30*v - 212088 = 0. What is the thousands digit of r?
3
Let s(a) = a**3 + 2*a**2 - a - 16. Let m be s(0). Let l(r) = r + 24. Let h be l(m). Suppose h*w = 6*w + 184. What is the tens digit of w?
9
Let h(d) be the third derivative of -d**6/120 - d**5/4 + 7*d**4/12 - 6*d**3 + 2*d**2 + 2*d. What is the hundreds digit of h(-17)?
3
Let m(t) = -3*t**3 - 4*t**2 + 20*t + 7. Let a(b) = 30*b + 171. Let l be a(-6). What is the thousands digit of m(l)?
1
Suppose -55*h - 50*h + 72550 = -100*h. What is the hundreds digit of h?
5
Let g = -42 + 93. Suppose 46*l = g*l - 50. What is the units digit of l?
0
Suppose 0 = 2*h - 2*q - 5032, h + 475*q = 480*q + 2496. What is the units digit of h?
1
Suppose 0 = 3*p + 4*a - 1 + 3, 4*p = -a + 6. Let b be (5 - -1079)/2*(p - 1). Let h = b + -351. What is the units digit of h?
1
Let u = -50 + 24. Let c be 13/u + 490/4. Suppose -5 = -5*l, 0 = -t + 3*l + 36 + c. What is the tens digit of t?
6
Let w(c) = 358*c**2 - 3*c + 1. Let q be w(-3). Suppose i + 4*i - 20 = 0, 2*i = 4*p - q. What is the tens digit of p?
1
Let r(x) = 243*x + 2085. What is the units digit of r(0)?
5
Suppose -32*k - 12330 = -17*k. Let r = 1195 + k. What is the hundreds digit of r?
3
Let g = 28493 + -17864. What is the units digit of g?
9
What is the hundreds digit of 12*11/(-462) - (252242/(-14) + -1)?
0
Suppose 0 = -4*i + 4*p - 92, -2 = 5*i - 6*i - 4*p. Let b(c) = c - 47. Let o be b(i). Let m = o + 165. What is the units digit of m?
0
Let a be (-207)/(-12) - ((-51)/(-12) + -4). Suppose -a*j = -21*j + 640. Let w = -50 + j. What is the hundreds digit of w?
1
Suppose -4844 = -146*r + 139*r. Let q = -4 + r. What is the hundreds digit of q?
6
Suppose -681 = 5*i - 2366. Let n = -10752 - -10893. Let o = i - n. What is the hundreds digit of o?
1
Suppose 4*x = -2*m + 2932, 0 = 4*m - 5*m + 4*x + 1490. Suppose -9*v + 2819 + m = 0. What is the hundreds digit of v?
4
Let u(q) = -q**2 - q - 1. Let z(k) = -5*k**2 + 21. Let f(c) = 4*u(c) + z(c). Let v be f(3). What is the tens digit of (15 + -1)/(-4 - 312/v)?
3
Suppose 5*k = -2*i + 103121, -253*i + 248*i = -